{"id":76432,"date":"2025-04-03T23:46:40","date_gmt":"2025-04-03T23:46:40","guid":{"rendered":"http:\/\/ferreteriaaries.com\/?page_id=76432"},"modified":"2025-06-02T15:11:10","modified_gmt":"2025-06-02T15:11:10","slug":"servicios","status":"publish","type":"page","link":"https:\/\/ferreteriaaries.com\/?page_id=76432","title":{"rendered":"Servicios"},"content":{"rendered":"\t\t<div data-elementor-type=\"wp-page\" data-elementor-id=\"76432\" class=\"elementor elementor-76432\" data-elementor-post-type=\"page\">\n\t\t\t\t<div class=\"elementor-element elementor-element-01d8bd0 e-flex e-con-boxed e-con e-parent\" data-id=\"01d8bd0\" data-element_type=\"container\">\n\t\t\t\t\t<div class=\"e-con-inner\">\n\t\t\t\t<div class=\"elementor-element elementor-element-2349245 elementor-widget elementor-widget-heading\" data-id=\"2349245\" data-element_type=\"widget\" data-widget_type=\"heading.default\">\n\t\t\t\t<div class=\"elementor-widget-container\">\n\t\t\t\t\t<h2 class=\"elementor-heading-title elementor-size-default\">Servicios<\/h2>\t\t\t\t<\/div>\n\t\t\t\t<\/div>\n\t\t\t\t\t<\/div>\n\t\t\t\t<\/div>\n\t\t<div class=\"elementor-element elementor-element-6e96861 e-flex e-con-boxed e-con e-parent\" data-id=\"6e96861\" data-element_type=\"container\">\n\t\t\t\t\t<div class=\"e-con-inner\">\n\t\t\t\t<div class=\"elementor-element elementor-element-f0eb3e0 elementor-widget elementor-widget-text-editor\" data-id=\"f0eb3e0\" data-element_type=\"widget\" data-widget_type=\"text-editor.default\">\n\t\t\t\t<div class=\"elementor-widget-container\">\n\t\t\t\t\t\t\t\t\t<p><span style=\"font-weight: 400;\">En Ferreter\u00eda Aries, nos dedicamos a recomendarte todo lo que necesitas para tus proyectos de construcci\u00f3n, reforma y mantenimiento del hogar.\u00a0<\/span><\/p><p><span style=\"font-weight: 400;\">Nuestro servicio se distingue por la atenci\u00f3n personalizada que brindamos a cada cliente, ayud\u00e1ndote a encontrar lo que buscas, asesor\u00e1ndote sobre el mejor producto para tu proyecto y resolviendo cualquier duda que puedas tener.\u00a0<\/span><\/p><p><span style=\"font-weight: 400;\">Contamos con una amplia variedad de productos seleccionados con el compromiso de brindarte calidad, durabilidad y eficiencia. Aqu\u00ed encontrar\u00e1s todo lo que necesitas para llevar a cabo tus proyectos con total confianza.\u00a0<\/span><\/p><p><span style=\"font-weight: 400;\">Adem\u00e1s de todo esto te ofrecemos:<\/span><\/p>\t\t\t\t\t\t\t\t<\/div>\n\t\t\t\t<\/div>\n\t\t\t\t\t<\/div>\n\t\t\t\t<\/div>\n\t\t<div class=\"elementor-element elementor-element-f324d85 e-flex e-con-boxed e-con e-parent\" data-id=\"f324d85\" data-element_type=\"container\">\n\t\t\t\t\t<div class=\"e-con-inner\">\n\t\t<div class=\"elementor-element elementor-element-f025738 e-con-full e-flex e-con e-child\" data-id=\"f025738\" data-element_type=\"container\">\n\t\t\t\t<div class=\"elementor-element elementor-element-c0a02ac elementor-widget elementor-widget-heading\" data-id=\"c0a02ac\" data-element_type=\"widget\" data-widget_type=\"heading.default\">\n\t\t\t\t<div class=\"elementor-widget-container\">\n\t\t\t\t\t<h2 class=\"elementor-heading-title elementor-size-default\">Duplicado de llaves y mando a distancia<\/h2>\t\t\t\t<\/div>\n\t\t\t\t<\/div>\n\t\t\t\t<div class=\"elementor-element elementor-element-42cb00d elementor-widget elementor-widget-text-editor\" data-id=\"42cb00d\" data-element_type=\"widget\" data-widget_type=\"text-editor.default\">\n\t\t\t\t<div class=\"elementor-widget-container\">\n\t\t\t\t\t\t\t\t\t<p>Realizamos duplicados de todo tipo de llaves: de serreta, de borja, de seguridad y de llaves propias incopiables para los dem\u00e1s. Nuestros profesionales utilizan maquinaria de \u00faltima tecnolog\u00eda para garantizar que cada duplicado se haga con la m\u00e1xima precisi\u00f3n, rapidez y confiabilidad.<br \/>Tenemos tambi\u00e9n el servicio de duplicado de mandos a distancia, de diversas marcas y modelos. Nos aseguramos de que cada duplicado funcione de manera eficiente, como si fuera el mando original.<\/p>\t\t\t\t\t\t\t\t<\/div>\n\t\t\t\t<\/div>\n\t\t\t\t<\/div>\n\t\t<div class=\"elementor-element elementor-element-b1186f6 e-con-full e-flex e-con e-child\" data-id=\"b1186f6\" data-element_type=\"container\">\n\t\t\t\t<div class=\"elementor-element elementor-element-79c6404 elementor-widget elementor-widget-image\" data-id=\"79c6404\" data-element_type=\"widget\" data-widget_type=\"image.default\">\n\t\t\t\t<div class=\"elementor-widget-container\">\n\t\t\t\t\t\t\t\t\t\t\t\t\t\t\t<img fetchpriority=\"high\" decoding=\"async\" width=\"1024\" height=\"580\" src=\"https:\/\/ferreteriaaries.com\/wp-content\/uploads\/2025\/04\/Duplicado-de-llaves-1024x580.jpg\" class=\"attachment-large size-large wp-image-117886\" alt=\"\" srcset=\"https:\/\/ferreteriaaries.com\/wp-content\/uploads\/2025\/04\/Duplicado-de-llaves-1024x580.jpg 1024w, https:\/\/ferreteriaaries.com\/wp-content\/uploads\/2025\/04\/Duplicado-de-llaves-scaled-1200x679.jpg 1200w, https:\/\/ferreteriaaries.com\/wp-content\/uploads\/2025\/04\/Duplicado-de-llaves-300x170.jpg 300w, https:\/\/ferreteriaaries.com\/wp-content\/uploads\/2025\/04\/Duplicado-de-llaves-768x435.jpg 768w, https:\/\/ferreteriaaries.com\/wp-content\/uploads\/2025\/04\/Duplicado-de-llaves-1536x869.jpg 1536w, https:\/\/ferreteriaaries.com\/wp-content\/uploads\/2025\/04\/Duplicado-de-llaves-2048x1159.jpg 2048w\" sizes=\"(max-width: 1024px) 100vw, 1024px\" \/>\t\t\t\t\t\t\t\t\t\t\t\t\t\t\t<\/div>\n\t\t\t\t<\/div>\n\t\t\t\t<\/div>\n\t\t\t\t\t<\/div>\n\t\t\t\t<\/div>\n\t\t<div class=\"elementor-element elementor-element-d86dd65 e-flex e-con-boxed e-con e-parent\" data-id=\"d86dd65\" data-element_type=\"container\">\n\t\t\t\t\t<div class=\"e-con-inner\">\n\t\t<div class=\"elementor-element elementor-element-c045f17 e-con-full e-flex e-con e-child\" data-id=\"c045f17\" data-element_type=\"container\">\n\t\t\t\t<div class=\"elementor-element elementor-element-18b5864 elementor-widget elementor-widget-heading\" data-id=\"18b5864\" data-element_type=\"widget\" data-widget_type=\"heading.default\">\n\t\t\t\t<div class=\"elementor-widget-container\">\n\t\t\t\t\t<h2 class=\"elementor-heading-title elementor-size-default\">Pintura a la carta <\/h2>\t\t\t\t<\/div>\n\t\t\t\t<\/div>\n\t\t\t\t<div class=\"elementor-element elementor-element-89c2368 elementor-widget elementor-widget-text-editor\" data-id=\"89c2368\" data-element_type=\"widget\" data-widget_type=\"text-editor.default\">\n\t\t\t\t<div class=\"elementor-widget-container\">\n\t\t\t\t\t\t\t\t\t<p>Asesoramiento personalizado: nuestro personal de ventas podr\u00e1 ofrecerte opciones de colores, texturas y acabados dependiendo del tipo de superficie que quieras pintar (paredes, madera, metal, etc.).<\/p><p>Mezcla personalizada de colores: te asesoraremos para que elijas tu color y te lo preparemos al momento.<\/p><p>Herramientas para la pintura: Adem\u00e1s de la pintura, tambi\u00e9n te ofrecemos una gran variedad de herramientas para facilitar tu trabajo: pinceles, rodillos, esponjas, cintas para enmascarar, y otros muchos accesorios.<\/p>\t\t\t\t\t\t\t\t<\/div>\n\t\t\t\t<\/div>\n\t\t\t\t<\/div>\n\t\t<div class=\"elementor-element elementor-element-2740436 e-con-full e-flex e-con e-child\" data-id=\"2740436\" data-element_type=\"container\">\n\t\t\t\t<div class=\"elementor-element elementor-element-0dda01b elementor-widget elementor-widget-image\" data-id=\"0dda01b\" data-element_type=\"widget\" data-widget_type=\"image.default\">\n\t\t\t\t<div class=\"elementor-widget-container\">\n\t\t\t\t\t\t\t\t\t\t\t\t\t\t\t<img decoding=\"async\" width=\"864\" height=\"649\" src=\"https:\/\/ferreteriaaries.com\/wp-content\/uploads\/2025\/06\/Carta-de-color-1.jpg\" class=\"attachment-full size-full wp-image-159016\" alt=\"\" srcset=\"https:\/\/ferreteriaaries.com\/wp-content\/uploads\/2025\/06\/Carta-de-color-1.jpg 864w, https:\/\/ferreteriaaries.com\/wp-content\/uploads\/2025\/06\/Carta-de-color-1-416x312.jpg 416w, https:\/\/ferreteriaaries.com\/wp-content\/uploads\/2025\/06\/Carta-de-color-1-300x225.jpg 300w, https:\/\/ferreteriaaries.com\/wp-content\/uploads\/2025\/06\/Carta-de-color-1-768x577.jpg 768w\" sizes=\"(max-width: 864px) 100vw, 864px\" \/>\t\t\t\t\t\t\t\t\t\t\t\t\t\t\t<\/div>\n\t\t\t\t<\/div>\n\t\t\t\t<\/div>\n\t\t\t\t\t<\/div>\n\t\t\t\t<\/div>\n\t\t<div class=\"elementor-element elementor-element-487eeb7 e-flex e-con-boxed e-con e-parent\" data-id=\"487eeb7\" data-element_type=\"container\">\n\t\t\t\t\t<div class=\"e-con-inner\">\n\t\t<div class=\"elementor-element elementor-element-cf5841b e-con-full e-flex e-con e-child\" data-id=\"cf5841b\" data-element_type=\"container\">\n\t\t\t\t<div class=\"elementor-element elementor-element-c10bde8 elementor-widget elementor-widget-heading\" data-id=\"c10bde8\" data-element_type=\"widget\" data-widget_type=\"heading.default\">\n\t\t\t\t<div class=\"elementor-widget-container\">\n\t\t\t\t\t<h2 class=\"elementor-heading-title elementor-size-default\">Placas grabadas y se\u00f1alizaci\u00f3n<\/h2>\t\t\t\t<\/div>\n\t\t\t\t<\/div>\n\t\t\t\t<div class=\"elementor-element elementor-element-94bbb93 elementor-widget elementor-widget-text-editor\" data-id=\"94bbb93\" data-element_type=\"widget\" data-widget_type=\"text-editor.default\">\n\t\t\t\t<div class=\"elementor-widget-container\">\n\t\t\t\t\t\t\t\t\t<p><span style=\"font-weight: 400;\">Pueden encargarnos todo tipo de placas a medida (de buz\u00f3n, de escaleras, portales, para profesionales, de cementerio, de homenaje, de sobremesa,\u2026). Se utilizan materiales duraderos como acero inoxidable, aluminio o acr\u00edlico, que resisten las inclemencias del tiempo y mantienen su aspecto impecable por mucho tiempo.\u00a0<\/span><\/p><p><span style=\"font-weight: 400;\">Cuentan con un acabado profesional de alta calidad, que garantiza su visibilidad y legibilidad.\u00a0<\/span><\/p><p><span style=\"font-weight: 400;\">Tambi\u00e9n disponemos de todo tipo de se\u00f1alizaci\u00f3n de seguridad y riesgos diversos, de prohibici\u00f3n, uso obligatorio, salvamento, v\u00edas de evacuaci\u00f3n, equipos de lucha contra incendios, \u2026.<\/span><\/p><p><span style=\"font-weight: 400;\">Su fabricaci\u00f3n cumple con todas las normativas requeridas sobre se\u00f1alizaci\u00f3n.<\/span><\/p>\t\t\t\t\t\t\t\t<\/div>\n\t\t\t\t<\/div>\n\t\t\t\t<\/div>\n\t\t<div class=\"elementor-element elementor-element-8ba47db e-con-full e-flex e-con e-child\" data-id=\"8ba47db\" data-element_type=\"container\">\n\t\t\t\t<div class=\"elementor-element elementor-element-4b77237 elementor-widget elementor-widget-image\" data-id=\"4b77237\" data-element_type=\"widget\" data-widget_type=\"image.default\">\n\t\t\t\t<div class=\"elementor-widget-container\">\n\t\t\t\t\t\t\t\t\t\t\t\t\t\t\t<img decoding=\"async\" width=\"862\" height=\"1024\" src=\"https:\/\/ferreteriaaries.com\/wp-content\/uploads\/2025\/04\/Placas-grabadas-862x1024.jpg\" class=\"attachment-large size-large wp-image-117889\" alt=\"\" srcset=\"https:\/\/ferreteriaaries.com\/wp-content\/uploads\/2025\/04\/Placas-grabadas-862x1024.jpg 862w, https:\/\/ferreteriaaries.com\/wp-content\/uploads\/2025\/04\/Placas-grabadas-scaled-1200x1426.jpg 1200w, https:\/\/ferreteriaaries.com\/wp-content\/uploads\/2025\/04\/Placas-grabadas-252x300.jpg 252w, https:\/\/ferreteriaaries.com\/wp-content\/uploads\/2025\/04\/Placas-grabadas-768x913.jpg 768w, https:\/\/ferreteriaaries.com\/wp-content\/uploads\/2025\/04\/Placas-grabadas-1293x1536.jpg 1293w, https:\/\/ferreteriaaries.com\/wp-content\/uploads\/2025\/04\/Placas-grabadas-1724x2048.jpg 1724w\" sizes=\"(max-width: 862px) 100vw, 862px\" \/>\t\t\t\t\t\t\t\t\t\t\t\t\t\t\t<\/div>\n\t\t\t\t<\/div>\n\t\t\t\t<\/div>\n\t\t\t\t\t<\/div>\n\t\t\t\t<\/div>\n\t\t<div class=\"elementor-element elementor-element-e6fe24a e-flex e-con-boxed e-con e-parent\" data-id=\"e6fe24a\" data-element_type=\"container\">\n\t\t\t\t\t<div class=\"e-con-inner\">\n\t\t<div class=\"elementor-element elementor-element-49a9732 e-con-full e-flex e-con e-child\" data-id=\"49a9732\" data-element_type=\"container\">\n\t\t\t\t<div class=\"elementor-element elementor-element-3f5f192 elementor-widget elementor-widget-heading\" data-id=\"3f5f192\" data-element_type=\"widget\" data-widget_type=\"heading.default\">\n\t\t\t\t<div class=\"elementor-widget-container\">\n\t\t\t\t\t<h2 class=\"elementor-heading-title elementor-size-default\">Amaestramiento de bombillos marca Tesa<\/h2>\t\t\t\t<\/div>\n\t\t\t\t<\/div>\n\t\t\t\t<div class=\"elementor-element elementor-element-d95fd15 elementor-widget elementor-widget-text-editor\" data-id=\"d95fd15\" data-element_type=\"widget\" data-widget_type=\"text-editor.default\">\n\t\t\t\t<div class=\"elementor-widget-container\">\n\t\t\t\t\t\t\t\t\t<p><span style=\"font-weight: 400;\">Ofrecemos el servicio de amaestramiento de bombillos, una soluci\u00f3n perfecta para quienes desean una mayor comodidad y control sobre sus hogares o negocios.<\/span><\/p><p><span style=\"font-weight: 400;\">El amaestramiento de bombillos consiste en ajustar un sistema de cerraduras para que una sola llave pueda abrir, por ejemplo, m\u00faltiples bombillos, lo que te permite tener un control m\u00e1s organizado y eficiente sin la necesidad de cargar con un sinf\u00edn de llaves. Es ideal para viviendas, comunidades de propietarios, empresas o cualquier lugar donde la comodidad y la seguridad sean una prioridad.<\/span><\/p><p><span style=\"font-weight: 400;\">Nuestro equipo de profesionales se encarga de realizar el amaestramiento con la m\u00e1xima precisi\u00f3n, asegurando que cada bombillo funcione perfectamente con la misma llave, sin comprometer la seguridad. Adem\u00e1s, te brindamos asesor\u00eda para que elijas la opci\u00f3n m\u00e1s adecuada a tus necesidades, ya sea para una cerradura est\u00e1ndar o un sistema de alta seguridad.<\/span><\/p>\t\t\t\t\t\t\t\t<\/div>\n\t\t\t\t<\/div>\n\t\t\t\t<\/div>\n\t\t<div class=\"elementor-element elementor-element-e41fca0 e-con-full e-flex e-con e-child\" data-id=\"e41fca0\" data-element_type=\"container\">\n\t\t\t\t<div class=\"elementor-element elementor-element-ace36e0 elementor-widget elementor-widget-image\" data-id=\"ace36e0\" data-element_type=\"widget\" data-widget_type=\"image.default\">\n\t\t\t\t<div class=\"elementor-widget-container\">\n\t\t\t\t\t\t\t\t\t\t\t\t\t\t\t<img loading=\"lazy\" decoding=\"async\" width=\"2560\" height=\"1770\" src=\"https:\/\/ferreteriaaries.com\/wp-content\/uploads\/2025\/04\/bombillostesa-scaled.jpg\" class=\"attachment-full size-full wp-image-117888\" alt=\"\" srcset=\"https:\/\/ferreteriaaries.com\/wp-content\/uploads\/2025\/04\/bombillostesa-scaled.jpg 2560w, https:\/\/ferreteriaaries.com\/wp-content\/uploads\/2025\/04\/bombillostesa-scaled-1200x830.jpg 1200w, https:\/\/ferreteriaaries.com\/wp-content\/uploads\/2025\/04\/bombillostesa-300x207.jpg 300w, https:\/\/ferreteriaaries.com\/wp-content\/uploads\/2025\/04\/bombillostesa-1024x708.jpg 1024w, https:\/\/ferreteriaaries.com\/wp-content\/uploads\/2025\/04\/bombillostesa-768x531.jpg 768w, https:\/\/ferreteriaaries.com\/wp-content\/uploads\/2025\/04\/bombillostesa-1536x1062.jpg 1536w, https:\/\/ferreteriaaries.com\/wp-content\/uploads\/2025\/04\/bombillostesa-2048x1416.jpg 2048w\" sizes=\"(max-width: 2560px) 100vw, 2560px\" \/>\t\t\t\t\t\t\t\t\t\t\t\t\t\t\t<\/div>\n\t\t\t\t<\/div>\n\t\t\t\t<\/div>\n\t\t\t\t\t<\/div>\n\t\t\t\t<\/div>\n\t\t\t\t<\/div>\n\t\t","protected":false},"excerpt":{"rendered":"<p>Servicios En Ferreter\u00eda Aries, nos dedicamos a recomendarte todo lo que necesitas para tus proyectos de construcci\u00f3n, reforma y mantenimiento [&hellip;]<\/p>\n","protected":false},"author":1,"featured_media":0,"parent":0,"menu_order":0,"comment_status":"closed","ping_status":"closed","template":"elementor_header_footer","meta":{"_acf_changed":false,"site-sidebar-layout":"default","site-content-layout":"","ast-site-content-layout":"default","site-content-style":"default","site-sidebar-style":"default","ast-global-header-display":"","ast-banner-title-visibility":"","ast-main-header-display":"","ast-hfb-above-header-display":"","ast-hfb-below-header-display":"","ast-hfb-mobile-header-display":"","site-post-title":"","ast-breadcrumbs-content":"","ast-featured-img":"","footer-sml-layout":"","theme-transparent-header-meta":"","adv-header-id-meta":"","stick-header-meta":"","header-above-stick-meta":"","header-main-stick-meta":"","header-below-stick-meta":"","astra-migrate-meta-layouts":"default","ast-page-background-enabled":"default","ast-page-background-meta":{"desktop":{"background-color":"var(--ast-global-color-5)","background-image":"","background-repeat":"repeat","background-position":"center center","background-size":"auto","background-attachment":"scroll","background-type":"","background-media":"","overlay-type":"","overlay-color":"","overlay-opacity":"","overlay-gradient":""},"tablet":{"background-color":"","background-image":"","background-repeat":"repeat","background-position":"center center","background-size":"auto","background-attachment":"scroll","background-type":"","background-media":"","overlay-type":"","overlay-color":"","overlay-opacity":"","overlay-gradient":""},"mobile":{"background-color":"","background-image":"","background-repeat":"repeat","background-position":"center center","background-size":"auto","background-attachment":"scroll","background-type":"","background-media":"","overlay-type":"","overlay-color":"","overlay-opacity":"","overlay-gradient":""}},"ast-content-background-meta":{"desktop":{"background-color":"var(--ast-global-color-4)","background-image":"","background-repeat":"repeat","background-position":"center center","background-size":"auto","background-attachment":"scroll","background-type":"","background-media":"","overlay-type":"","overlay-color":"","overlay-opacity":"","overlay-gradient":""},"tablet":{"background-color":"var(--ast-global-color-4)","background-image":"","background-repeat":"repeat","background-position":"center center","background-size":"auto","background-attachment":"scroll","background-type":"","background-media":"","overlay-type":"","overlay-color":"","overlay-opacity":"","overlay-gradient":""},"mobile":{"background-color":"var(--ast-global-color-4)","background-image":"","background-repeat":"repeat","background-position":"center center","background-size":"auto","background-attachment":"scroll","background-type":"","background-media":"","overlay-type":"","overlay-color":"","overlay-opacity":"","overlay-gradient":""}},"footnotes":""},"class_list":["post-76432","page","type-page","status-publish","hentry"],"acf":[],"_links":{"self":[{"href":"https:\/\/ferreteriaaries.com\/index.php?rest_route=\/wp\/v2\/pages\/76432","targetHints":{"allow":["GET"]}}],"collection":[{"href":"https:\/\/ferreteriaaries.com\/index.php?rest_route=\/wp\/v2\/pages"}],"about":[{"href":"https:\/\/ferreteriaaries.com\/index.php?rest_route=\/wp\/v2\/types\/page"}],"author":[{"embeddable":true,"href":"https:\/\/ferreteriaaries.com\/index.php?rest_route=\/wp\/v2\/users\/1"}],"replies":[{"embeddable":true,"href":"https:\/\/ferreteriaaries.com\/index.php?rest_route=%2Fwp%2Fv2%2Fcomments&post=76432"}],"version-history":[{"count":5,"href":"https:\/\/ferreteriaaries.com\/index.php?rest_route=\/wp\/v2\/pages\/76432\/revisions"}],"predecessor-version":[{"id":159019,"href":"https:\/\/ferreteriaaries.com\/index.php?rest_route=\/wp\/v2\/pages\/76432\/revisions\/159019"}],"wp:attachment":[{"href":"https:\/\/ferreteriaaries.com\/index.php?rest_route=%2Fwp%2Fv2%2Fmedia&parent=76432"}],"curies":[{"name":"wp","href":"https:\/\/api.w.org\/{rel}","templated":true}]}}